{"id":44,"date":"2021-04-13T09:23:33","date_gmt":"2021-04-13T08:23:33","guid":{"rendered":"https:\/\/hugoshop.martinayhugo.com\/?post_type=product&#038;p=44"},"modified":"2024-05-09T13:45:00","modified_gmt":"2024-05-09T12:45:00","slug":"camiseta-punos-hbg","status":"publish","type":"product","link":"https:\/\/hugoshop.martinayhugo.com\/index.php\/product\/camiseta-punos-hbg\/","title":{"rendered":"Camiseta pu\u00f1os HBG"},"content":{"rendered":"","protected":false},"excerpt":{"rendered":"<p>En el momento que estaba dise\u00f1ando esta camiseta en mi iPad, algunas personas me hab\u00edan dicho que no le gustaban algunos dise\u00f1os por lo que al hacer esta camiseta lo que quer\u00eda representar es que hay que luchar por lo que te gusta. (Al final le gustaron)<\/p>\n","protected":false},"featured_media":45,"comment_status":"open","ping_status":"closed","template":"","meta":[],"product_cat":[15],"product_tag":[],"class_list":{"0":"post-44","1":"product","2":"type-product","3":"status-publish","4":"has-post-thumbnail","6":"product_cat-uncategorized","8":"first","9":"instock","10":"shipping-taxable","11":"purchasable","12":"product-type-simple"},"aioseo_notices":[],"_links":{"self":[{"href":"https:\/\/hugoshop.martinayhugo.com\/index.php\/wp-json\/wp\/v2\/product\/44","targetHints":{"allow":["GET"]}}],"collection":[{"href":"https:\/\/hugoshop.martinayhugo.com\/index.php\/wp-json\/wp\/v2\/product"}],"about":[{"href":"https:\/\/hugoshop.martinayhugo.com\/index.php\/wp-json\/wp\/v2\/types\/product"}],"replies":[{"embeddable":true,"href":"https:\/\/hugoshop.martinayhugo.com\/index.php\/wp-json\/wp\/v2\/comments?post=44"}],"wp:featuredmedia":[{"embeddable":true,"href":"https:\/\/hugoshop.martinayhugo.com\/index.php\/wp-json\/wp\/v2\/media\/45"}],"wp:attachment":[{"href":"https:\/\/hugoshop.martinayhugo.com\/index.php\/wp-json\/wp\/v2\/media?parent=44"}],"wp:term":[{"taxonomy":"product_cat","embeddable":true,"href":"https:\/\/hugoshop.martinayhugo.com\/index.php\/wp-json\/wp\/v2\/product_cat?post=44"},{"taxonomy":"product_tag","embeddable":true,"href":"https:\/\/hugoshop.martinayhugo.com\/index.php\/wp-json\/wp\/v2\/product_tag?post=44"}],"curies":[{"name":"wp","href":"https:\/\/api.w.org\/{rel}","templated":true}]}}